hat is the units digit of h?
3
Suppose -4*g + 4*f = -5*g + 3, -2*g = 5*f - 12. Suppose -4*z = 5*x + 45, z = -3*x - 39 + 12. Let b = g + x. What is the units digit of b?
2
Suppose 2*v + 2*v - 8 = 0. Suppose -v*u + 4 = -2. What is the units digit of u?
3
Let g be (-46)/6 + (-2)/6. Let k(b) = 0 + b**2 - 11*b - 18987*b**3 + 4 + 18986*b**3 - 10*b**2. What is the tens digit of k(g)?
2
Let d(z) = z**3 + 12*z**2 + z + 10. Let j be d(-12). What is the tens digit of 10/((-4)/20*j)?
2
Let m = -26 + 29. Suppose 0*y = -4*y - 16, -3*a - m*y = -873. What is the tens digit of a?
9
What is the tens digit of 47*33/6 + (-2)/(-4)?
5
What is the units digit of -4 - (-4256)/12 - (-4)/12?
1
Let c(l) = 9*l**2 - 3*l + 137. What is the tens digit of c(11)?
9
Let o = 10 - 5. Suppose o*q = -10, -3*c + 2*q - 76 = -c. Let z = -16 - c. What is the units digit of z?
4
Suppose 0 = 7*g + 5*g. Suppose 6*u - 186 = -g. What is the units digit of u?
1
Let z(x) = -2*x - 1. Let d be 2/(-1*8/12). Let k be z(d). Let m = 10 - k. What is the units digit of m?
5
What is the units digit of (-8)/24*(8/(-4) + -949)?
7
Let y = 752 + 1060. What is the thousands digit of y?
1
Suppose f + 3*k + 9 = 0, 0*k = f - 4*k - 12. Suppose -5*u = 4*d - 5*d - 625, -3*u - 2*d + 375 = f. What is the hundreds digit of u?
1
Suppose 0 = -4*a - 2*k + 278, 5*a + 5*k - 191 = 2*a. Let w = a + -12. What is the units digit of 1/(4 + w/(-16))?
4
Suppose 6*u + 2088 = 14*u. What is the hundreds digit of u?
2
What is the hundreds digit of 5 - 185/35 - (-19422)/63?
3
Let u = 13 - 11. Let q be u/(4/24*3). What is the units digit of 25/(4*q/16)?
5
Let r = 66 - -72. Let m = r - 30. What is the tens digit of m?
0
Suppose 5*v + 13775 = 5*l, -l - 4*v + 3687 = 917. What is the hundreds digit of l?
7
Suppose 3*f = -2*f. Suppose f = n - 3*m + 6*m + 13, -m - 7 = -n. Suppose 5*y = 4*g - 37, -5*y - n + 4 = -g. What is the tens digit of g?
1
Suppose 4*s + 5*c - 41 = 0, -6*s + 2*c + 76 = -s. Suppose 19 = -5*a + s. What is the units digit of 2 + (-15)/a*2?
2
Let v(j) = -39*j - 7. Let t(k) = -116*k - 20. Let g(h) = 3*t(h) - 8*v(h). Let b = 25 + -27. What is the tens digit of g(b)?
6
Suppose -48*o + 5*m + 2455 = -45*o, 4*o = -4*m + 3316. What is the hundreds digit of o?
8
Let n(x) = 5*x**3 - 2*x**2 - 2*x. Let f(r) = 21*r**3 - 8*r**2 - 9*r. Suppose 3*w - 4 = -22. Let c(g) = w*f(g) + 26*n(g). What is the units digit of c(2)?
0
Suppose 23 = 4*f + 3*v - 5, 0 = 2*f - 5*v + 12. What is the units digit of (0 + f + -76)*2/(-4)?
6
Suppose a - 5*a = -2*i + 28, -a = 4*i - 11. Suppose -88 = -i*c + 4*m, 0 = -5*c - 0*m + 2*m + 95. What is the tens digit of c - ((-2)/(-1) + -3)?
1
Let h(g) = g - 9. Let c be h(7). Let a be (3/c)/(3/(-6)). What is the units digit of -3*(-2)/a + -1?
1
Suppose -5*x = -3*u - 11, -2*u = -u - 4*x + 6. What is the units digit of 83 + (2 - -1) + u?
4
Let m be (-168)/(-9) - (-4)/(-6). Let n = 127 - 102. Suppose 0*a + n = 2*a - 5*y, a + 3*y - m = 0. What is the tens digit of a?
1
Suppose -5*t + 10 = -10. Suppose t*b + 2*c + c = -1, 13 = 2*b - 3*c. Suppose -3*l - 5 = -b*h + 42, 3*h - 2*l - 73 = 0. What is the units digit of h?
5
Suppose 5*g - 5*q - 295 = 0, -2*q + 47 = 3*g - 2*g. What is the tens digit of g?
5
What is the hundreds digit of (-11194)/(-4) - 36/72?
7
Let m(k) = -k**3 + 14*k**2 - 12*k - 22. Let u be m(13). What is the units digit of (-44562)/(-189) + (-2)/u?
6
Let f(g) = 20*g - 593. What is the tens digit of f(39)?
8
Let v = -4 - 9. Let d be (-1)/2 - (-94)/(-4). Let j = v - d. What is the tens digit of j?
1
Let q(w) = 3*w**3 - w + 1. Let h be q(1). Suppose 3*j - h*m = 363, 2*m + 194 = 4*j - 294. What is the tens digit of j?
2
Let m(w) = -9*w - 17*w + 10 + 27*w. Let a be m(-6). What is the tens digit of a/18 - (-2156)/99?
2
Let h = 1877 - 904. What is the hundreds digit of h?
9
Let n(s) be the second derivative of -s**4/12 + 8*s**3/3 - 3*s**2 + 19*s. What is the units digit of n(15)?
9
Let o(u) = u**3 - 4*u**2 - 8*u + 9. Let m be o(5). What is the units digit of (-248)/m*(-6)/(-4)?
2
Suppose -8*b - 1995 = -12*b + 5*k, 12 = -4*k. What is the hundreds digit of b?
4
Let k(p) = -p**3 + 18*p**2 - 21*p - 12. Let c be k(16). Let z = -115 + c. What is the tens digit of z?
4
Suppose 3*b = -6*b + 108. What is the units digit of b?
2
Suppose 300 = -c + 2*c. Suppose 1 - 3 = -u. Suppose -8*d = -u*d - c. What is the units digit of d?
0
Let j = -45 - -52. Let b(r) = 4*r + 3 - 4*r + 4*r. What is the units digit of b(j)?
1
Suppose -157*j + 163*j = 26784. What is the tens digit of j?
6
Let p(t) = t**2 - 10*t - 6. Let w be (-1)/2 - 46/(-4). Let i be p(w). Let s = 8 - i. What is the units digit of s?
3
What is the hundreds digit of (1672/(-12))/((-3)/9)?
4
Let c(x) = 30*x + 1. Let w(j) = -181*j - 5. Let i(q) = 34*c(q) + 6*w(q). What is the tens digit of i(-2)?
3
Let c be 90 - ((-3)/3 - 2). Let d be 1/(2 + (-183)/c). Let b = d - 17. What is the units digit of b?
4
Let t(x) = -114*x**3 - 2*x - 3. What is the tens digit of t(-2)?
1
Let j(w) = w**2 + 11*w - 13. Suppose -2*s = 2*d - 36, -12 = -5*d + 4*s + 60. Suppose -4*n = 2*k + 57 + 3, n + d = -k. What is the tens digit of j(n)?
2
Let r = -2 - -8. What is the tens digit of 1202/18 - r/(-27)?
6
Let b = 517 - 358. Suppose 0 = 2*z - b + 47. What is the tens digit of z?
5
Let q = 579 + -27. What is the tens digit of q?
5
Suppose 5*s - 3*q - 2125 = 0, 626 = 5*s - q - 1509. What is the tens digit of s?
2
Let h(c) = -c**3 + 2*c**2 - 18*c - 27. What is the units digit of h(-11)?
4
Let a be ((-14)/21)/((-2)/3 - -1). What is the units digit of ((-35)/10 - -3)*(a + -12)?
7
Let l(h) = -h**3 + 48*h**2 + 2*h - 78. What is the units digit of l(46)?
6
Let r(i) = i**2 - 4*i + 2. Let f be r(9). Suppose 50 = g - 2*c, 3*g = 2*c + 103 + f. What is the units digit of g?
0
Let d = 3939 - 2537. What is the hundreds digit of d?
4
Suppose -2*g + 1575 = 5*g. Suppose 0 = -4*t + g - 49. What is the units digit of t?
4
Let q be (1 - -1) + 18/(-9). Suppose q = 3*c - 4*c + 30. Let s = -5 + c. What is the units digit of s?
5
What is the tens digit of 11734/30 - ((-6)/(-45) - 0)?
9
Suppose -5*k = 4*m - 44, 7*m - 5*k = 4*m - 2. Suppose 2*w + 0*w = m. Suppose -w*u + 4*u - 30 = 4*p, 0 = -2*u - 4*p + 60. What is the units digit of u?
0
Let o(b) = -54*b + 2. Let s be o(-1). Let d be 18/((-6)/s*2). Let c = d + 131. What is the units digit of c?
7
Suppose -5*v + 4*k - 121 = -1803, 3*k + 670 = 2*v. What is the tens digit of v?
3
Let k = -3 + 5. Suppose 136 = -k*h - 0*h. Let w = h + 96. What is the units digit of w?
8
Suppose 0 = 4*m + 2*a - 11826, 3*m - 1448 = -3*a + 7426. What is the hundreds digit of m?
9
Let y(d) = -2*d - 8. Suppose 23 + 12 = -5*o. Let q be y(o). Suppose -37 = -3*s - 4*c + q*c, -s + 18 = 5*c. What is the units digit of s?
3
Let u(n) = 0 + 27*n**3 + 1 - 2 - 30*n**3. Let j = -1 + -1. What is the units digit of u(j)?
3
Let n = 64 + -46. Suppose 14*s + n = 15*s. What is the tens digit of s?
1
Let w(i) = -5. Let g(c) = -c + 20. Let u(b) = -2*g(b) - 9*w(b). What is the units digit of u(0)?
5
What is the tens digit of ((-90)/(-9))/(-40) + 5178/8?
4
Let j(g) = 730*g + 6. What is the tens digit of j(1)?
3
Let y(o) be the third derivative of o**4/24 + 5*o**3 + 7*o**2. What is the tens digit of y(-13)?
1
Let f(i) = i**3 - 8*i**2 + 3*i. Suppose 3*c = 5 + 13. Let k be f(c). Let j = k + 78. What is the units digit of j?
4
Let n(k) = 23*k**2 - 16*k - 41. What is the hundreds digit of n(-4)?
3
Suppose -3*p + 10 = 2*p. Suppose 0 = -5*a + p*i - 25, 3*a + 19 = -i + 3*i. What is the tens digit of 9/2*6 + a?
2
Suppose 4*a - 45 = -13. Let g(c) = c**2 - 6*c - 9. Let f be g(a). Suppose -f*j = j - 216. What is the units digit of j?
7
Suppose 3*v + 42 = 3*n, 5*v + 78 = -0*v - 3*n. Let o be ((-4)/(-5))/((-3)/v). Suppose -7 = -k + 2*l + 4, 4*k + 4 = -o*l. What is the units digit of k?
3
Let x(u) = -4*u**3 + u**2 + 2*u + 3. Let o be 4/5*(15 - 10). Suppose -3*w = -t + o - 3, 0 = 4*t + 3*w + 11. What is the units digit of x(t)?
5
Let f(o) = -o**2 + 22*o + 23. What is the units digit of f(16)?
9
Let g(c) = 0*c - 9 - 3*c**2 + 3*c - c**3 + 10*c. What is the hundreds digit of g(-8)?
2
Let o = -28 - -38. Let f(c) = 21*c - 14. What is the hundreds digit of f(o)?
1
Let d be (-3)/2*4/(-6). Suppose -5*s = 5*f - 5, 3*s = -f - 0*s - d. What is the te